{"id":2155,"date":"2023-07-10T10:22:12","date_gmt":"2023-07-10T07:22:12","guid":{"rendered":"https:\/\/www.epilepsia.fi\/kauppa\/?post_type=product&#038;p=2155"},"modified":"2025-02-25T12:54:38","modified_gmt":"2025-02-25T10:54:38","slug":"min-egen-styrkebok","status":"publish","type":"product","link":"https:\/\/www.epilepsia.fi\/kauppa\/tuote\/min-egen-styrkebok\/","title":{"rendered":"Min egen styrkebok"},"content":{"rendered":"<p>Min egen styrkebok on Ikioma voimakirjani -lastenkirjan ruotsinkielinen k\u00e4\u00e4nn\u00f6s. Ikioma voimakirjani\u202fsyntyi lasten toiveita ja ideoita kuunnellen. Kirja tarjoaa tietoa epilepsiasta ja vahvistaa epilepsiaa sairastavan lapsen min\u00e4kuvaa. Ikiomassa voimakirjassa kerrotaan, millainen sairaus epilepsia on ja miten sit\u00e4 tutkitaan. Kirjasta l\u00f6ytyy my\u00f6s lasten toivoma kuva aivoista.<\/p>\n<p>Kirjassa seikkailevat Aapo ja Emma kannustavat lukijaa pohtimaan muun muassa omia lempijuttuja ja unelmia erilaisten puuha- ja pohdintateht\u00e4vien avulla. Kirjasta l\u00f6ytyy esimerkiksi tunnemittaria, v\u00e4ritysteht\u00e4vi\u00e4, kohtauskalenteri ja p\u00e4iv\u00e4kirja sek\u00e4 tarkempaa tietoa aivojen toiminnasta.<\/p>\n<p>Kirja on pehme\u00e4kantinen ja siin\u00e4 on 20 sivua. Voit tutustua kirjaan my\u00f6s verkossa: <a href=\"https:\/\/www.epilepsia.fi\/wp-content\/uploads\/2023\/06\/Min-Egen-Styrkebok.pdf\" target=\"_blank\" rel=\"noopener\">Min egen styrkebok, pdf-tiedosto<\/a> (linkki aukeaa uuteen ikkunaan).<\/p>\n","protected":false},"excerpt":{"rendered":"<p>Min egen styrkebok on Ikioma voimakirjani -lastenkirjan ruotsinkielinen k\u00e4\u00e4nn\u00f6s. Ikioma voimakirjani\u202fsyntyi lasten toiveita ja ideoita kuunnellen. Kirja tarjoaa tietoa epilepsiasta ja vahvistaa epilepsiaa sairastavan lapsen min\u00e4kuvaa.<\/p>\n<p>Voit tutustua kirjaan my\u00f6s verkossa: <a href=\"https:\/\/www.epilepsia.fi\/wp-content\/uploads\/2023\/06\/Min-Egen-Styrkebok.pdf\" target=\"_blank\" rel=\"noopener\">Min egen styrkebok, pdf-tiedosto<\/a> (linkki avautuu uuteen ikkunaan).<\/p>\n","protected":false},"featured_media":2156,"template":"","meta":{"_acf_changed":false},"product_brand":[],"product_cat":[17],"product_tag":[],"class_list":{"0":"post-2155","1":"product","2":"type-product","3":"status-publish","4":"has-post-thumbnail","6":"product_cat-oppaat-kasikirjat","8":"first","9":"instock","10":"taxable","11":"shipping-taxable","12":"purchasable","13":"product-type-simple"},"acf":[],"yoast_head":"<!-- This site is optimized with the Yoast SEO plugin v27.4 - https:\/\/yoast.com\/product\/yoast-seo-wordpress\/ -->\n<title>Min egen styrkebok - Epilepsialiiton kauppa<\/title>\n<meta name=\"robots\" content=\"index, follow, max-snippet:-1, max-image-preview:large, max-video-preview:-1\" \/>\n<link rel=\"canonical\" href=\"https:\/\/www.epilepsia.fi\/kauppa\/tuote\/min-egen-styrkebok\/\" \/>\n<meta property=\"og:locale\" content=\"fi_FI\" \/>\n<meta property=\"og:type\" content=\"article\" \/>\n<meta property=\"og:title\" content=\"Min egen styrkebok - Epilepsialiiton kauppa\" \/>\n<meta property=\"og:description\" content=\"Min egen styrkebok on Ikioma voimakirjani -lastenkirjan ruotsinkielinen k\u00e4\u00e4nn\u00f6s. Ikioma voimakirjani\u202fsyntyi lasten toiveita ja ideoita kuunnellen. Kirja tarjoaa tietoa epilepsiasta ja vahvistaa epilepsiaa sairastavan lapsen min\u00e4kuvaa.  Voit tutustua kirjaan my\u00f6s verkossa: Min egen styrkebok, pdf-tiedosto (linkki avautuu uuteen ikkunaan).\" \/>\n<meta property=\"og:url\" content=\"https:\/\/www.epilepsia.fi\/kauppa\/tuote\/min-egen-styrkebok\/\" \/>\n<meta property=\"og:site_name\" content=\"Epilepsialiiton kauppa\" \/>\n<meta property=\"article:modified_time\" content=\"2025-02-25T10:54:38+00:00\" \/>\n<meta property=\"og:image\" content=\"https:\/\/www.epilepsia.fi\/kauppa\/wp-content\/uploads\/sites\/4\/2023\/07\/Min-Egen-Styrkebok.jpg\" \/>\n\t<meta property=\"og:image:width\" content=\"1040\" \/>\n\t<meta property=\"og:image:height\" content=\"1477\" \/>\n\t<meta property=\"og:image:type\" content=\"image\/jpeg\" \/>\n<meta name=\"twitter:card\" content=\"summary_large_image\" \/>\n<meta name=\"twitter:label1\" content=\"Arvioitu lukuaika\" \/>\n\t<meta name=\"twitter:data1\" content=\"1 minuutti\" \/>\n<script type=\"application\/ld+json\" class=\"yoast-schema-graph\">{\"@context\":\"https:\\\/\\\/schema.org\",\"@graph\":[{\"@type\":\"WebPage\",\"@id\":\"https:\\\/\\\/www.epilepsia.fi\\\/kauppa\\\/tuote\\\/min-egen-styrkebok\\\/\",\"url\":\"https:\\\/\\\/www.epilepsia.fi\\\/kauppa\\\/tuote\\\/min-egen-styrkebok\\\/\",\"name\":\"Min egen styrkebok - Epilepsialiiton kauppa\",\"isPartOf\":{\"@id\":\"https:\\\/\\\/www.epilepsia.fi\\\/kauppa\\\/#website\"},\"primaryImageOfPage\":{\"@id\":\"https:\\\/\\\/www.epilepsia.fi\\\/kauppa\\\/tuote\\\/min-egen-styrkebok\\\/#primaryimage\"},\"image\":{\"@id\":\"https:\\\/\\\/www.epilepsia.fi\\\/kauppa\\\/tuote\\\/min-egen-styrkebok\\\/#primaryimage\"},\"thumbnailUrl\":\"https:\\\/\\\/www.epilepsia.fi\\\/kauppa\\\/wp-content\\\/uploads\\\/sites\\\/4\\\/2023\\\/07\\\/Min-Egen-Styrkebok.jpg\",\"datePublished\":\"2023-07-10T07:22:12+00:00\",\"dateModified\":\"2025-02-25T10:54:38+00:00\",\"breadcrumb\":{\"@id\":\"https:\\\/\\\/www.epilepsia.fi\\\/kauppa\\\/tuote\\\/min-egen-styrkebok\\\/#breadcrumb\"},\"inLanguage\":\"fi\",\"potentialAction\":[{\"@type\":\"ReadAction\",\"target\":[\"https:\\\/\\\/www.epilepsia.fi\\\/kauppa\\\/tuote\\\/min-egen-styrkebok\\\/\"]}]},{\"@type\":\"ImageObject\",\"inLanguage\":\"fi\",\"@id\":\"https:\\\/\\\/www.epilepsia.fi\\\/kauppa\\\/tuote\\\/min-egen-styrkebok\\\/#primaryimage\",\"url\":\"https:\\\/\\\/www.epilepsia.fi\\\/kauppa\\\/wp-content\\\/uploads\\\/sites\\\/4\\\/2023\\\/07\\\/Min-Egen-Styrkebok.jpg\",\"contentUrl\":\"https:\\\/\\\/www.epilepsia.fi\\\/kauppa\\\/wp-content\\\/uploads\\\/sites\\\/4\\\/2023\\\/07\\\/Min-Egen-Styrkebok.jpg\",\"width\":1040,\"height\":1477,\"caption\":\"Ikioman voimakirjani ruotsinkielisen k\u00e4\u00e4nn\u00f6ksen kansikuva, jossa kaksi lasta k\u00e4sikynk\u00e4ss\u00e4 ja koira, piirroskuva.\"},{\"@type\":\"BreadcrumbList\",\"@id\":\"https:\\\/\\\/www.epilepsia.fi\\\/kauppa\\\/tuote\\\/min-egen-styrkebok\\\/#breadcrumb\",\"itemListElement\":[{\"@type\":\"ListItem\",\"position\":1,\"name\":\"Etusivu\",\"item\":\"https:\\\/\\\/www.epilepsia.fi\\\/kauppa\\\/\"},{\"@type\":\"ListItem\",\"position\":2,\"name\":\"Tuotteet\",\"item\":\"https:\\\/\\\/www.epilepsia.fi\\\/kauppa\\\/\"},{\"@type\":\"ListItem\",\"position\":3,\"name\":\"Min egen styrkebok\"}]},{\"@type\":\"WebSite\",\"@id\":\"https:\\\/\\\/www.epilepsia.fi\\\/kauppa\\\/#website\",\"url\":\"https:\\\/\\\/www.epilepsia.fi\\\/kauppa\\\/\",\"name\":\"Epilepsialiiton kauppa\",\"description\":\"Uusi Epilepsia.fi-sivustot -sivusto\",\"potentialAction\":[{\"@type\":\"SearchAction\",\"target\":{\"@type\":\"EntryPoint\",\"urlTemplate\":\"https:\\\/\\\/www.epilepsia.fi\\\/kauppa\\\/?s={search_term_string}\"},\"query-input\":{\"@type\":\"PropertyValueSpecification\",\"valueRequired\":true,\"valueName\":\"search_term_string\"}}],\"inLanguage\":\"fi\"}]}<\/script>\n<!-- \/ Yoast SEO plugin. -->","yoast_head_json":{"title":"Min egen styrkebok - Epilepsialiiton kauppa","robots":{"index":"index","follow":"follow","max-snippet":"max-snippet:-1","max-image-preview":"max-image-preview:large","max-video-preview":"max-video-preview:-1"},"canonical":"https:\/\/www.epilepsia.fi\/kauppa\/tuote\/min-egen-styrkebok\/","og_locale":"fi_FI","og_type":"article","og_title":"Min egen styrkebok - Epilepsialiiton kauppa","og_description":"Min egen styrkebok on Ikioma voimakirjani -lastenkirjan ruotsinkielinen k\u00e4\u00e4nn\u00f6s. Ikioma voimakirjani\u202fsyntyi lasten toiveita ja ideoita kuunnellen. Kirja tarjoaa tietoa epilepsiasta ja vahvistaa epilepsiaa sairastavan lapsen min\u00e4kuvaa.  Voit tutustua kirjaan my\u00f6s verkossa: Min egen styrkebok, pdf-tiedosto (linkki avautuu uuteen ikkunaan).","og_url":"https:\/\/www.epilepsia.fi\/kauppa\/tuote\/min-egen-styrkebok\/","og_site_name":"Epilepsialiiton kauppa","article_modified_time":"2025-02-25T10:54:38+00:00","og_image":[{"width":1040,"height":1477,"url":"https:\/\/www.epilepsia.fi\/kauppa\/wp-content\/uploads\/sites\/4\/2023\/07\/Min-Egen-Styrkebok.jpg","type":"image\/jpeg"}],"twitter_card":"summary_large_image","twitter_misc":{"Arvioitu lukuaika":"1 minuutti"},"schema":{"@context":"https:\/\/schema.org","@graph":[{"@type":"WebPage","@id":"https:\/\/www.epilepsia.fi\/kauppa\/tuote\/min-egen-styrkebok\/","url":"https:\/\/www.epilepsia.fi\/kauppa\/tuote\/min-egen-styrkebok\/","name":"Min egen styrkebok - Epilepsialiiton kauppa","isPartOf":{"@id":"https:\/\/www.epilepsia.fi\/kauppa\/#website"},"primaryImageOfPage":{"@id":"https:\/\/www.epilepsia.fi\/kauppa\/tuote\/min-egen-styrkebok\/#primaryimage"},"image":{"@id":"https:\/\/www.epilepsia.fi\/kauppa\/tuote\/min-egen-styrkebok\/#primaryimage"},"thumbnailUrl":"https:\/\/www.epilepsia.fi\/kauppa\/wp-content\/uploads\/sites\/4\/2023\/07\/Min-Egen-Styrkebok.jpg","datePublished":"2023-07-10T07:22:12+00:00","dateModified":"2025-02-25T10:54:38+00:00","breadcrumb":{"@id":"https:\/\/www.epilepsia.fi\/kauppa\/tuote\/min-egen-styrkebok\/#breadcrumb"},"inLanguage":"fi","potentialAction":[{"@type":"ReadAction","target":["https:\/\/www.epilepsia.fi\/kauppa\/tuote\/min-egen-styrkebok\/"]}]},{"@type":"ImageObject","inLanguage":"fi","@id":"https:\/\/www.epilepsia.fi\/kauppa\/tuote\/min-egen-styrkebok\/#primaryimage","url":"https:\/\/www.epilepsia.fi\/kauppa\/wp-content\/uploads\/sites\/4\/2023\/07\/Min-Egen-Styrkebok.jpg","contentUrl":"https:\/\/www.epilepsia.fi\/kauppa\/wp-content\/uploads\/sites\/4\/2023\/07\/Min-Egen-Styrkebok.jpg","width":1040,"height":1477,"caption":"Ikioman voimakirjani ruotsinkielisen k\u00e4\u00e4nn\u00f6ksen kansikuva, jossa kaksi lasta k\u00e4sikynk\u00e4ss\u00e4 ja koira, piirroskuva."},{"@type":"BreadcrumbList","@id":"https:\/\/www.epilepsia.fi\/kauppa\/tuote\/min-egen-styrkebok\/#breadcrumb","itemListElement":[{"@type":"ListItem","position":1,"name":"Etusivu","item":"https:\/\/www.epilepsia.fi\/kauppa\/"},{"@type":"ListItem","position":2,"name":"Tuotteet","item":"https:\/\/www.epilepsia.fi\/kauppa\/"},{"@type":"ListItem","position":3,"name":"Min egen styrkebok"}]},{"@type":"WebSite","@id":"https:\/\/www.epilepsia.fi\/kauppa\/#website","url":"https:\/\/www.epilepsia.fi\/kauppa\/","name":"Epilepsialiiton kauppa","description":"Uusi Epilepsia.fi-sivustot -sivusto","potentialAction":[{"@type":"SearchAction","target":{"@type":"EntryPoint","urlTemplate":"https:\/\/www.epilepsia.fi\/kauppa\/?s={search_term_string}"},"query-input":{"@type":"PropertyValueSpecification","valueRequired":true,"valueName":"search_term_string"}}],"inLanguage":"fi"}]}},"_links":{"self":[{"href":"https:\/\/www.epilepsia.fi\/kauppa\/wp-json\/wp\/v2\/product\/2155","targetHints":{"allow":["GET"]}}],"collection":[{"href":"https:\/\/www.epilepsia.fi\/kauppa\/wp-json\/wp\/v2\/product"}],"about":[{"href":"https:\/\/www.epilepsia.fi\/kauppa\/wp-json\/wp\/v2\/types\/product"}],"wp:featuredmedia":[{"embeddable":true,"href":"https:\/\/www.epilepsia.fi\/kauppa\/wp-json\/wp\/v2\/media\/2156"}],"wp:attachment":[{"href":"https:\/\/www.epilepsia.fi\/kauppa\/wp-json\/wp\/v2\/media?parent=2155"}],"wp:term":[{"taxonomy":"product_brand","embeddable":true,"href":"https:\/\/www.epilepsia.fi\/kauppa\/wp-json\/wp\/v2\/product_brand?post=2155"},{"taxonomy":"product_cat","embeddable":true,"href":"https:\/\/www.epilepsia.fi\/kauppa\/wp-json\/wp\/v2\/product_cat?post=2155"},{"taxonomy":"product_tag","embeddable":true,"href":"https:\/\/www.epilepsia.fi\/kauppa\/wp-json\/wp\/v2\/product_tag?post=2155"}],"curies":[{"name":"wp","href":"https:\/\/api.w.org\/{rel}","templated":true}]}}