{"id":282,"date":"2021-04-07T14:34:41","date_gmt":"2021-04-07T11:34:41","guid":{"rendered":"https:\/\/www.epilepsia.fi\/kauppa\/?post_type=product&#038;p=282"},"modified":"2022-09-12T14:48:51","modified_gmt":"2022-09-12T11:48:51","slug":"kaverikahvila-kasikirja","status":"publish","type":"product","link":"https:\/\/www.epilepsia.fi\/kauppa\/tuote\/kaverikahvila-kasikirja\/","title":{"rendered":"Kaverikahvila-k\u00e4sikirja"},"content":{"rendered":"<p>Kaverikahvila-k\u00e4sikirja on tarkoitettu Kaverikahviloiden ohjaajille sek\u00e4 kavereille. Oppaassa kerrotaan Kaverikahvilan ideasta sek\u00e4 tarjotaan k\u00e4yt\u00e4nn\u00f6nl\u00e4heist\u00e4 tietoa, miten Kaverikahvilan voi perustaa, millainen rooli kahvilan ohjaajalla on ja miten kahvilaa kannattaa markkinoida.<\/p>\n<p><a href=\"https:\/\/www.epilepsia.fi\/tukea-ja-toimintaa\/vertaistuki\/kaverikahvila\/\">Kaverikahviloista voit lukea lis\u00e4\u00e4 Epilepsialiiton nettisivuilta<\/a><\/p>\n","protected":false},"excerpt":{"rendered":"<p>Kaverikahvila-k\u00e4sikirja on tarkoitettu Kaverikahviloiden ohjaajille sek\u00e4 kavereille. Oppaassa mm. kerrotaan kahvilan perustamisesta, ohjaajan roolista ja markkinoinnista.<\/p>\n","protected":false},"featured_media":283,"template":"","meta":{"_acf_changed":false},"product_brand":[],"product_cat":[38],"product_tag":[],"class_list":{"0":"post-282","1":"product","2":"type-product","3":"status-publish","4":"has-post-thumbnail","6":"product_cat-kasikirjat","8":"first","9":"instock","10":"taxable","11":"shipping-taxable","12":"purchasable","13":"product-type-simple"},"acf":[],"yoast_head":"<!-- This site is optimized with the Yoast SEO plugin v27.4 - https:\/\/yoast.com\/product\/yoast-seo-wordpress\/ -->\n<title>Kaverikahvila-k\u00e4sikirja - Epilepsialiiton kauppa<\/title>\n<meta name=\"robots\" content=\"index, follow, max-snippet:-1, max-image-preview:large, max-video-preview:-1\" \/>\n<link rel=\"canonical\" href=\"https:\/\/www.epilepsia.fi\/kauppa\/tuote\/kaverikahvila-kasikirja\/\" \/>\n<meta property=\"og:locale\" content=\"fi_FI\" \/>\n<meta property=\"og:type\" content=\"article\" \/>\n<meta property=\"og:title\" content=\"Kaverikahvila-k\u00e4sikirja - Epilepsialiiton kauppa\" \/>\n<meta property=\"og:description\" content=\"Kaverikahvila-k\u00e4sikirja on tarkoitettu Kaverikahviloiden ohjaajille sek\u00e4 kavereille. Oppaassa mm. kerrotaan kahvilan perustamisesta, ohjaajan roolista ja markkinoinnista.\" \/>\n<meta property=\"og:url\" content=\"https:\/\/www.epilepsia.fi\/kauppa\/tuote\/kaverikahvila-kasikirja\/\" \/>\n<meta property=\"og:site_name\" content=\"Epilepsialiiton kauppa\" \/>\n<meta property=\"article:modified_time\" content=\"2022-09-12T11:48:51+00:00\" \/>\n<meta property=\"og:image\" content=\"https:\/\/www.epilepsia.fi\/kauppa\/wp-content\/uploads\/sites\/4\/2021\/04\/Kaverikahvila_Kasikirja_kansi-683x1024.png\" \/>\n\t<meta property=\"og:image:width\" content=\"683\" \/>\n\t<meta property=\"og:image:height\" content=\"1024\" \/>\n\t<meta property=\"og:image:type\" content=\"image\/png\" \/>\n<meta name=\"twitter:card\" content=\"summary_large_image\" \/>\n<meta name=\"twitter:label1\" content=\"Arvioitu lukuaika\" \/>\n\t<meta name=\"twitter:data1\" content=\"1 minuutti\" \/>\n<script type=\"application\/ld+json\" class=\"yoast-schema-graph\">{\"@context\":\"https:\\\/\\\/schema.org\",\"@graph\":[{\"@type\":\"WebPage\",\"@id\":\"https:\\\/\\\/www.epilepsia.fi\\\/kauppa\\\/tuote\\\/kaverikahvila-kasikirja\\\/\",\"url\":\"https:\\\/\\\/www.epilepsia.fi\\\/kauppa\\\/tuote\\\/kaverikahvila-kasikirja\\\/\",\"name\":\"Kaverikahvila-k\u00e4sikirja - Epilepsialiiton kauppa\",\"isPartOf\":{\"@id\":\"https:\\\/\\\/www.epilepsia.fi\\\/kauppa\\\/#website\"},\"primaryImageOfPage\":{\"@id\":\"https:\\\/\\\/www.epilepsia.fi\\\/kauppa\\\/tuote\\\/kaverikahvila-kasikirja\\\/#primaryimage\"},\"image\":{\"@id\":\"https:\\\/\\\/www.epilepsia.fi\\\/kauppa\\\/tuote\\\/kaverikahvila-kasikirja\\\/#primaryimage\"},\"thumbnailUrl\":\"https:\\\/\\\/www.epilepsia.fi\\\/kauppa\\\/wp-content\\\/uploads\\\/sites\\\/4\\\/2021\\\/04\\\/Kaverikahvila_Kasikirja_kansi.png\",\"datePublished\":\"2021-04-07T11:34:41+00:00\",\"dateModified\":\"2022-09-12T11:48:51+00:00\",\"breadcrumb\":{\"@id\":\"https:\\\/\\\/www.epilepsia.fi\\\/kauppa\\\/tuote\\\/kaverikahvila-kasikirja\\\/#breadcrumb\"},\"inLanguage\":\"fi\",\"potentialAction\":[{\"@type\":\"ReadAction\",\"target\":[\"https:\\\/\\\/www.epilepsia.fi\\\/kauppa\\\/tuote\\\/kaverikahvila-kasikirja\\\/\"]}]},{\"@type\":\"ImageObject\",\"inLanguage\":\"fi\",\"@id\":\"https:\\\/\\\/www.epilepsia.fi\\\/kauppa\\\/tuote\\\/kaverikahvila-kasikirja\\\/#primaryimage\",\"url\":\"https:\\\/\\\/www.epilepsia.fi\\\/kauppa\\\/wp-content\\\/uploads\\\/sites\\\/4\\\/2021\\\/04\\\/Kaverikahvila_Kasikirja_kansi.png\",\"contentUrl\":\"https:\\\/\\\/www.epilepsia.fi\\\/kauppa\\\/wp-content\\\/uploads\\\/sites\\\/4\\\/2021\\\/04\\\/Kaverikahvila_Kasikirja_kansi.png\",\"width\":1969,\"height\":2953,\"caption\":\"Kaverikahvila-k\u00e4sikirjan kansikuva, jossa otsikko ja kahvikuppi, jonka p\u00e4\u00e4ll\u00e4 teksti \\\"tummanpuhuvaa vai kepe\u00e4\u00e4 sorinaa\\\".\"},{\"@type\":\"BreadcrumbList\",\"@id\":\"https:\\\/\\\/www.epilepsia.fi\\\/kauppa\\\/tuote\\\/kaverikahvila-kasikirja\\\/#breadcrumb\",\"itemListElement\":[{\"@type\":\"ListItem\",\"position\":1,\"name\":\"Etusivu\",\"item\":\"https:\\\/\\\/www.epilepsia.fi\\\/kauppa\\\/\"},{\"@type\":\"ListItem\",\"position\":2,\"name\":\"Tuotteet\",\"item\":\"https:\\\/\\\/www.epilepsia.fi\\\/kauppa\\\/\"},{\"@type\":\"ListItem\",\"position\":3,\"name\":\"Kaverikahvila-k\u00e4sikirja\"}]},{\"@type\":\"WebSite\",\"@id\":\"https:\\\/\\\/www.epilepsia.fi\\\/kauppa\\\/#website\",\"url\":\"https:\\\/\\\/www.epilepsia.fi\\\/kauppa\\\/\",\"name\":\"Epilepsialiiton kauppa\",\"description\":\"Uusi Epilepsia.fi-sivustot -sivusto\",\"potentialAction\":[{\"@type\":\"SearchAction\",\"target\":{\"@type\":\"EntryPoint\",\"urlTemplate\":\"https:\\\/\\\/www.epilepsia.fi\\\/kauppa\\\/?s={search_term_string}\"},\"query-input\":{\"@type\":\"PropertyValueSpecification\",\"valueRequired\":true,\"valueName\":\"search_term_string\"}}],\"inLanguage\":\"fi\"}]}<\/script>\n<!-- \/ Yoast SEO plugin. -->","yoast_head_json":{"title":"Kaverikahvila-k\u00e4sikirja - Epilepsialiiton kauppa","robots":{"index":"index","follow":"follow","max-snippet":"max-snippet:-1","max-image-preview":"max-image-preview:large","max-video-preview":"max-video-preview:-1"},"canonical":"https:\/\/www.epilepsia.fi\/kauppa\/tuote\/kaverikahvila-kasikirja\/","og_locale":"fi_FI","og_type":"article","og_title":"Kaverikahvila-k\u00e4sikirja - Epilepsialiiton kauppa","og_description":"Kaverikahvila-k\u00e4sikirja on tarkoitettu Kaverikahviloiden ohjaajille sek\u00e4 kavereille. Oppaassa mm. kerrotaan kahvilan perustamisesta, ohjaajan roolista ja markkinoinnista.","og_url":"https:\/\/www.epilepsia.fi\/kauppa\/tuote\/kaverikahvila-kasikirja\/","og_site_name":"Epilepsialiiton kauppa","article_modified_time":"2022-09-12T11:48:51+00:00","og_image":[{"width":683,"height":1024,"url":"https:\/\/www.epilepsia.fi\/kauppa\/wp-content\/uploads\/sites\/4\/2021\/04\/Kaverikahvila_Kasikirja_kansi-683x1024.png","type":"image\/png"}],"twitter_card":"summary_large_image","twitter_misc":{"Arvioitu lukuaika":"1 minuutti"},"schema":{"@context":"https:\/\/schema.org","@graph":[{"@type":"WebPage","@id":"https:\/\/www.epilepsia.fi\/kauppa\/tuote\/kaverikahvila-kasikirja\/","url":"https:\/\/www.epilepsia.fi\/kauppa\/tuote\/kaverikahvila-kasikirja\/","name":"Kaverikahvila-k\u00e4sikirja - Epilepsialiiton kauppa","isPartOf":{"@id":"https:\/\/www.epilepsia.fi\/kauppa\/#website"},"primaryImageOfPage":{"@id":"https:\/\/www.epilepsia.fi\/kauppa\/tuote\/kaverikahvila-kasikirja\/#primaryimage"},"image":{"@id":"https:\/\/www.epilepsia.fi\/kauppa\/tuote\/kaverikahvila-kasikirja\/#primaryimage"},"thumbnailUrl":"https:\/\/www.epilepsia.fi\/kauppa\/wp-content\/uploads\/sites\/4\/2021\/04\/Kaverikahvila_Kasikirja_kansi.png","datePublished":"2021-04-07T11:34:41+00:00","dateModified":"2022-09-12T11:48:51+00:00","breadcrumb":{"@id":"https:\/\/www.epilepsia.fi\/kauppa\/tuote\/kaverikahvila-kasikirja\/#breadcrumb"},"inLanguage":"fi","potentialAction":[{"@type":"ReadAction","target":["https:\/\/www.epilepsia.fi\/kauppa\/tuote\/kaverikahvila-kasikirja\/"]}]},{"@type":"ImageObject","inLanguage":"fi","@id":"https:\/\/www.epilepsia.fi\/kauppa\/tuote\/kaverikahvila-kasikirja\/#primaryimage","url":"https:\/\/www.epilepsia.fi\/kauppa\/wp-content\/uploads\/sites\/4\/2021\/04\/Kaverikahvila_Kasikirja_kansi.png","contentUrl":"https:\/\/www.epilepsia.fi\/kauppa\/wp-content\/uploads\/sites\/4\/2021\/04\/Kaverikahvila_Kasikirja_kansi.png","width":1969,"height":2953,"caption":"Kaverikahvila-k\u00e4sikirjan kansikuva, jossa otsikko ja kahvikuppi, jonka p\u00e4\u00e4ll\u00e4 teksti \"tummanpuhuvaa vai kepe\u00e4\u00e4 sorinaa\"."},{"@type":"BreadcrumbList","@id":"https:\/\/www.epilepsia.fi\/kauppa\/tuote\/kaverikahvila-kasikirja\/#breadcrumb","itemListElement":[{"@type":"ListItem","position":1,"name":"Etusivu","item":"https:\/\/www.epilepsia.fi\/kauppa\/"},{"@type":"ListItem","position":2,"name":"Tuotteet","item":"https:\/\/www.epilepsia.fi\/kauppa\/"},{"@type":"ListItem","position":3,"name":"Kaverikahvila-k\u00e4sikirja"}]},{"@type":"WebSite","@id":"https:\/\/www.epilepsia.fi\/kauppa\/#website","url":"https:\/\/www.epilepsia.fi\/kauppa\/","name":"Epilepsialiiton kauppa","description":"Uusi Epilepsia.fi-sivustot -sivusto","potentialAction":[{"@type":"SearchAction","target":{"@type":"EntryPoint","urlTemplate":"https:\/\/www.epilepsia.fi\/kauppa\/?s={search_term_string}"},"query-input":{"@type":"PropertyValueSpecification","valueRequired":true,"valueName":"search_term_string"}}],"inLanguage":"fi"}]}},"_links":{"self":[{"href":"https:\/\/www.epilepsia.fi\/kauppa\/wp-json\/wp\/v2\/product\/282","targetHints":{"allow":["GET"]}}],"collection":[{"href":"https:\/\/www.epilepsia.fi\/kauppa\/wp-json\/wp\/v2\/product"}],"about":[{"href":"https:\/\/www.epilepsia.fi\/kauppa\/wp-json\/wp\/v2\/types\/product"}],"wp:featuredmedia":[{"embeddable":true,"href":"https:\/\/www.epilepsia.fi\/kauppa\/wp-json\/wp\/v2\/media\/283"}],"wp:attachment":[{"href":"https:\/\/www.epilepsia.fi\/kauppa\/wp-json\/wp\/v2\/media?parent=282"}],"wp:term":[{"taxonomy":"product_brand","embeddable":true,"href":"https:\/\/www.epilepsia.fi\/kauppa\/wp-json\/wp\/v2\/product_brand?post=282"},{"taxonomy":"product_cat","embeddable":true,"href":"https:\/\/www.epilepsia.fi\/kauppa\/wp-json\/wp\/v2\/product_cat?post=282"},{"taxonomy":"product_tag","embeddable":true,"href":"https:\/\/www.epilepsia.fi\/kauppa\/wp-json\/wp\/v2\/product_tag?post=282"}],"curies":[{"name":"wp","href":"https:\/\/api.w.org\/{rel}","templated":true}]}}